{"id":24383,"date":"2022-05-23T08:00:45","date_gmt":"2022-05-23T06:00:45","guid":{"rendered":"https:\/\/www.ariane-zappe.de\/?page_id=24383"},"modified":"2023-05-10T13:03:21","modified_gmt":"2023-05-10T11:03:21","slug":"sophiaviva-mittel","status":"publish","type":"page","link":"https:\/\/www.ariane-zappe.de\/index.php\/sophiaviva-mittel\/","title":{"rendered":"SophiaViva Mittel"},"content":{"rendered":"<div class=\"wpb-content-wrapper\"><p>[vc_row row_type=&#8220;parallax&#8220; text_align=&#8220;left&#8220; background_image=&#8220;26061&#8243; full_screen_section_height=&#8220;no&#8220; section_height=&#8220;700&#8243; parallax_speed=&#8220;2&#8243; css=&#8220;.vc_custom_1683716570265{margin-top: 0px !important;padding-top: 30px !important;}&#8220;][vc_column css=&#8220;.vc_custom_1639180498028{margin-top: 500px !important;}&#8220;]<div class=\"qode-parallax-holder\" data-parallax=\"{&quot;y&quot;: -200, &quot;smoothness&quot;: 20}\">[vc_column_text]<\/p>\n<h2 style=\"text-align: center;\"><span style=\"color: #ffffff;\"><span style=\"caret-color: #993300;\">Meine Arbeit mit den SophiaViva Mitteln<\/span><\/span><\/h2>\n<p>[\/vc_column_text]<\/div>[\/vc_column][\/vc_row][vc_row row_type=&#8220;row&#8220; use_row_as_full_screen_section=&#8220;no&#8220; type=&#8220;full_width&#8220; text_align=&#8220;left&#8220; background_animation=&#8220;none&#8220; css_animation=&#8220;&#8220; background_color=&#8220;#ffffff&#8220;][vc_column][vc_row_inner row_type=&#8220;row&#8220; type=&#8220;grid&#8220; use_row_as_full_screen_section_slide=&#8220;no&#8220; text_align=&#8220;left&#8220; padding_top=&#8220;80&#8243; padding_bottom=&#8220;45&#8243; css_animation=&#8220;&#8220;][vc_column_inner width=&#8220;2\/3&#8243;][vc_separator type=&#8220;transparent&#8220; border_style=&#8220;&#8220; up=&#8220;5&#8243; down=&#8220;0&#8243;][vc_column_text]<\/p>\n<h5>Informationen und Online Shop<\/h5>\n<p>[\/vc_column_text][vc_separator type=&#8220;transparent&#8220; border_style=&#8220;&#8220; up=&#8220;20&#8243; down=&#8220;0&#8243;][vc_column_text]Ausf\u00fchrliche Informationen zu Frequenzakkorden, Alkoholextrakten, \u00e4therischen \u00d6len und Kolloiden, sowie Zugang zum online Shop[\/vc_column_text][vc_separator type=&#8220;transparent&#8220; border_style=&#8220;&#8220; up=&#8220;20&#8243; down=&#8220;0&#8243;]<a href=\"https:\/\/www.sophiaviva.de\/\" target=\"_blank\"  class=\"qbutton  medium\" style=\"font-style: normal; \">SophiaViva Website<\/a>[vc_separator type=&#8220;transparent&#8220; border_style=&#8220;&#8220; up=&#8220;20&#8243; down=&#8220;40&#8243;][vc_column_text]<\/p>\n<h5>Weitere Informationen finden Sie auch im Bereich <a href=\"https:\/\/www.ariane-zappe.de\/index.php\/de\/register\/\"><u>Fachinformation<\/u><\/a><\/h5>\n<p>[\/vc_column_text][vc_separator type=&#8220;transparent&#8220; border_style=&#8220;&#8220; up=&#8220;20&#8243; down=&#8220;40&#8243;][\/vc_column_inner][vc_column_inner width=&#8220;1\/3&#8243;][vc_separator type=&#8220;transparent&#8220; border_style=&#8220;&#8220; up=&#8220;5&#8243; down=&#8220;0&#8243;][vc_separator type=&#8220;transparent&#8220; border_style=&#8220;&#8220; up=&#8220;5&#8243; down=&#8220;0&#8243;][vc_separator type=&#8220;transparent&#8220; border_style=&#8220;&#8220; up=&#8220;5&#8243; down=&#8220;0&#8243;][vc_separator type=&#8220;transparent&#8220; border_style=&#8220;&#8220; up=&#8220;5&#8243; down=&#8220;0&#8243;][vc_single_image image=&#8220;24397&#8243; img_size=&#8220;medium&#8220; onclick=&#8220;custom_link&#8220; img_link_target=&#8220;_blank&#8220; qode_css_animation=&#8220;&#8220; link=&#8220;http:\/\/sophiaviva.de&#8220;][\/vc_column_inner][\/vc_row_inner][\/vc_column][\/vc_row][vc_row row_type=&#8220;parallax&#8220; text_align=&#8220;center&#8220; background_image=&#8220;25477&#8243; full_screen_section_height=&#8220;no&#8220; section_height=&#8220;500&#8243; parallax_speed=&#8220;2&#8243; css=&#8220;.vc_custom_1652953294279{margin-top: 100px !important;margin-right: 100px !important;margin-bottom: 100px !important;margin-left: 100px !important;}&#8220;][vc_column css=&#8220;.vc_custom_1639229415490{margin-top: 100px !important;}&#8220;][vc_row_inner row_type=&#8220;row&#8220; type=&#8220;full_width&#8220; use_row_as_full_screen_section_slide=&#8220;no&#8220; text_align=&#8220;left&#8220; css_animation=&#8220;&#8220; css=&#8220;.vc_custom_1639230043202{padding-top: 200px !important;padding-bottom: 200px !important;}&#8220;][vc_column_inner][vc_column_text]<\/p>\n<h2 style=\"text-align: center;\"><span style=\"color: #ffffff;\"><span style=\"caret-color: #993300;\">Die Grundlage der Harmonien<\/span><\/span><\/h2>\n<p>[\/vc_column_text][\/vc_column_inner][\/vc_row_inner][\/vc_column][\/vc_row][vc_row row_type=&#8220;row&#8220; use_row_as_full_screen_section=&#8220;no&#8220; type=&#8220;full_width&#8220; text_align=&#8220;left&#8220; background_animation=&#8220;none&#8220; padding_top=&#8220;25&#8243; padding_bottom=&#8220;45&#8243; css_animation=&#8220;&#8220; background_color=&#8220;#f8f8f8&#8243;][vc_column][vc_empty_space][vc_row_inner row_type=&#8220;row&#8220; type=&#8220;grid&#8220; use_row_as_full_screen_section_slide=&#8220;no&#8220; text_align=&#8220;left&#8220; css_animation=&#8220;&#8220;][vc_column_inner][vc_column_text]<\/p>\n<h6 style=\"text-align: center;\"><span style=\"color: #8c8c8c;\"><span style=\"caret-color: #2E5E82;\">\u00a0Immunmodulation und \u00a0Symbiose mit Keimen<\/span><\/span><\/h6>\n<p>[\/vc_column_text][\/vc_column_inner][\/vc_row_inner][vc_separator type=&#8220;transparent&#8220; border_style=&#8220;&#8220; up=&#8220;10&#8243;][vc_column_text]<\/p>\n<h2 style=\"text-align: center;\"><span style=\"color: #393939;\"><span style=\"caret-color: #2E5E82;\">Frequenzakkorde<\/span><\/span><\/h2>\n<p>[\/vc_column_text][vc_separator type=&#8220;transparent&#8220; border_style=&#8220;&#8220; up=&#8220;10&#8243;][\/vc_column][\/vc_row][vc_row row_type=&#8220;row&#8220; use_row_as_full_screen_section=&#8220;no&#8220; type=&#8220;full_width&#8220; text_align=&#8220;left&#8220; background_animation=&#8220;none&#8220; css_animation=&#8220;&#8220; background_color=&#8220;#f8f8f8&#8243;][vc_column][vc_empty_space][vc_row_inner row_type=&#8220;row&#8220; type=&#8220;grid&#8220; use_row_as_full_screen_section_slide=&#8220;no&#8220; text_align=&#8220;left&#8220; css_animation=&#8220;&#8220; background_color=&#8220;#f8f8f8&#8243;][vc_column_inner width=&#8220;1\/3&#8243;][vc_single_image image=&#8220;24306&#8243; img_size=&#8220;medium&#8220; alignment=&#8220;right&#8220; qode_css_animation=&#8220;&#8220;][\/vc_column_inner][vc_column_inner width=&#8220;2\/3&#8243;][vc_column_text]Die SophiaViva Frequenzakkorde sind der wichtigste Bestandteil meiner t\u00e4glichen therapeutischen Arbeit geworden.<\/p>\n<p>&nbsp;<\/p>\n<p>Die damit beabsichtigte Modulation des Immunsystem\u2013 oder kurz Immunmodulation \u2013 ist der erste und wichtigste Behandlungsschritt. Schritt 2, die Wiederherstellung der Symbiose mit Keimen beruht ebenfalls v.a. auf Frequenzakkorden, sowie auf den Mischungen von Kr\u00e4uterextrakten in Alkohol und Mischungen \u00e4therischer \u00d6le.[\/vc_column_text][vc_column_text]Zur Standard-Anwendung f\u00fcr Patienten eignet sich das Spray. Ampullen sind f\u00fcr Therapeuten zu Testzwecken oder energetischen Anwendungen entwickelt worden.<\/p>\n<p>&nbsp;<\/p>\n<p><strong>Die Frequenzakkorde wende ich grunds\u00e4tzlich bei meinen Patienten 2 x Tag einen Spr\u00fchsto\u00df in eine Nasenseite oder den Rachen an.<\/strong><\/p>\n<p>&nbsp;<\/p>\n<p>Frequenzakkorde sind Lebensmittel und beinhalten die Anwendung auch als Mundspray. Chemisch bestehen sie aus Wasser und 0,9% Himalayasalz und sind jeweils auf der Grundlage der Originalsubstanzen von Hand hergestellt.<\/p>\n<p>&nbsp;<\/p>\n<p>Eine Anwendung als Spray in die Nase ist ein off-label-use in der Verantwortung des Therapeuten.\u00a0\u00dcber die Nasenschleimhaut erreichen wir das zentrale Nervensystem auf dem schnellsten Weg.<\/p>\n<p>Bei zweimaliger, t\u00e4glicher Anwendung reicht ein Fl\u00e4schchen ca. 3-4 Wochen. Grunds\u00e4tzlich k\u00f6nnen Frequenzakkorde auch \u00f6fter eingenommen werden.<\/p>\n<p>&nbsp;<\/p>\n<p>Frequenzakkord Sprays ersetzten KEINE Impfung! Wenn Sie Immunschutz durch Impfung w\u00fcnschen, sprechen Sie bitte unbedingt mit Ihrem Arzt!<\/p>\n<p>Bei Kinderwunsch oder w\u00e4hrend Schwangerschaft und Stillzeit verwende ich die Frequenzakkorde nach genauester Pr\u00fcfung.<\/p>\n<p>Frequenzakkorde bitte immer au\u00dferhalb der Reichweite von Kindern aufbewahren und vor Hitze und Sonneneinstrahlung sch\u00fctzen.<\/p>\n<p>[\/vc_column_text][\/vc_column_inner][\/vc_row_inner][vc_empty_space][\/vc_column][\/vc_row][vc_row row_type=&#8220;parallax&#8220; text_align=&#8220;center&#8220; background_image=&#8220;25476&#8243; full_screen_section_height=&#8220;no&#8220; section_height=&#8220;500&#8243; parallax_speed=&#8220;2&#8243; css=&#8220;.vc_custom_1652952974617{margin-top: 100px !important;margin-right: 100px !important;margin-bottom: 100px !important;margin-left: 100px !important;}&#8220;][vc_column css=&#8220;.vc_custom_1639229415490{margin-top: 100px !important;}&#8220;][vc_row_inner row_type=&#8220;row&#8220; type=&#8220;full_width&#8220; use_row_as_full_screen_section_slide=&#8220;no&#8220; text_align=&#8220;left&#8220; css_animation=&#8220;&#8220; css=&#8220;.vc_custom_1639230043202{padding-top: 200px !important;padding-bottom: 200px !important;}&#8220;][vc_column_inner][vc_column_text]<\/p>\n<h2 style=\"text-align: center;\"><span style=\"color: #ffffff;\"><span style=\"caret-color: #993300;\">Im Einklang des Orchesters<\/span><\/span><\/h2>\n<p>[\/vc_column_text][\/vc_column_inner][\/vc_row_inner][\/vc_column][\/vc_row][vc_row row_type=&#8220;row&#8220; use_row_as_full_screen_section=&#8220;no&#8220; type=&#8220;full_width&#8220; text_align=&#8220;left&#8220; background_animation=&#8220;none&#8220; padding_top=&#8220;25&#8243; padding_bottom=&#8220;45&#8243; css_animation=&#8220;&#8220;][vc_column][vc_empty_space][vc_row_inner row_type=&#8220;row&#8220; type=&#8220;grid&#8220; use_row_as_full_screen_section_slide=&#8220;no&#8220; text_align=&#8220;left&#8220; css_animation=&#8220;&#8220;][vc_column_inner][vc_column_text]<\/p>\n<h6 style=\"text-align: center;\"><span style=\"color: #8c8c8c;\"><span style=\"caret-color: #2E5E82;\">Die Symphonie der Symbiose<\/span><\/span><\/h6>\n<p>[\/vc_column_text][\/vc_column_inner][\/vc_row_inner][vc_separator type=&#8220;transparent&#8220; border_style=&#8220;&#8220; up=&#8220;10&#8243;][vc_column_text]<\/p>\n<h2 style=\"text-align: center;\"><span style=\"color: #393939;\"><span style=\"caret-color: #2E5E82;\">Komplexakkorde<\/span><\/span><\/h2>\n<p>[\/vc_column_text][vc_separator type=&#8220;transparent&#8220; border_style=&#8220;&#8220; up=&#8220;10&#8243;][\/vc_column][\/vc_row][vc_row row_type=&#8220;row&#8220; use_row_as_full_screen_section=&#8220;no&#8220; type=&#8220;full_width&#8220; text_align=&#8220;left&#8220; background_animation=&#8220;none&#8220; css_animation=&#8220;&#8220;][vc_column][vc_empty_space][vc_row_inner row_type=&#8220;row&#8220; type=&#8220;grid&#8220; use_row_as_full_screen_section_slide=&#8220;no&#8220; text_align=&#8220;left&#8220; css_animation=&#8220;&#8220; background_color=&#8220;#f8f8f8&#8243;][vc_column_inner width=&#8220;1\/3&#8243;][vc_single_image image=&#8220;25511&#8243; img_size=&#8220;medium&#8220; qode_css_animation=&#8220;&#8220;][\/vc_column_inner][vc_column_inner width=&#8220;2\/3&#8243;][vc_column_text]Mit dem Komplexakkord setzen wir die verschiedenen Instrumentengruppe zu einem vollst\u00e4ndigen Orchester zusammen. Alle Instrumentengruppen schwingen zusammen und bilden eine Einheit.<\/p>\n<p>Bei jedem Musikst\u00fcck h\u00f6ren wir andere Facetten dieser Einheit, abh\u00e4ngig von unserer Stimmung, unserer Verfassung, unserer eigenen Schwingung.<\/p>\n<p>Im Konzept der ImmunSymbiose w\u00e4hlen wir 1, 2 oder 3 Komplexakkorde, wie die S\u00e4tze eines Musikst\u00fccks und erzeugen so eine Symphonie.[\/vc_column_text][\/vc_column_inner][\/vc_row_inner][vc_row_inner row_type=&#8220;row&#8220; type=&#8220;grid&#8220; use_row_as_full_screen_section_slide=&#8220;no&#8220; text_align=&#8220;left&#8220; css_animation=&#8220;&#8220;][vc_column_inner][vc_empty_space height=&#8220;64px&#8220;][vc_column_text]<\/p>\n<p style=\"text-align: center;\"><strong>1.Satz \u2013 Immunmodulation<\/strong><br \/>\n\u00dcberschie\u00dfende oder fehlende Immunreaktionen erzeugen unsere Symptome.<br \/>\nChronische Erkrankungen sind fast ausnahmslos Erkrankungen des Immunsystems.<\/p>\n<p>&nbsp;<\/p>\n<p style=\"text-align: center;\"><strong>2.Satz \u2013 Symbiose<\/strong><br \/>\nDie Grundursache dieser fehlgeleiteten Immunreaktionen liegt in der gest\u00f6rten Regulation des Immunsystems. Keime sind an dieser Regulation symbiotisch beteiligt und tragen vermutlich 99% genetische Steuerung bei. Dieser Teil ist Immunsystems ist gesch\u00e4digt und l\u00fccken- oder fehlerhaft.<\/p>\n<p>&nbsp;<\/p>\n<p style=\"text-align: center;\"><strong>3.Satz \u2013 St\u00f6rfelder und Entz\u00fcndungsherde<\/strong><br \/>\nBrauchen besondere Unterst\u00fctzung bei der Wiederherstellung von Symbiose.<\/p>\n<p>&nbsp;<\/p>\n<p style=\"text-align: center;\"><strong>4.Satz<\/strong> \u2013 <strong>Regeneration<\/strong><br \/>\nder betroffenen Systeme im Organismus.<\/p>\n<p>[\/vc_column_text][\/vc_column_inner][\/vc_row_inner][vc_row_inner row_type=&#8220;row&#8220; type=&#8220;full_width&#8220; use_row_as_full_screen_section_slide=&#8220;no&#8220; text_align=&#8220;left&#8220; css_animation=&#8220;&#8220;][vc_column_inner][vc_empty_space][vc_single_image image=&#8220;25501&#8243; img_size=&#8220;large&#8220; alignment=&#8220;center&#8220; onclick=&#8220;link_image&#8220; qode_css_animation=&#8220;&#8220;][\/vc_column_inner][\/vc_row_inner][vc_empty_space height=&#8220;64px&#8220;][\/vc_column][\/vc_row][vc_row row_type=&#8220;parallax&#8220; text_align=&#8220;center&#8220; background_image=&#8220;25478&#8243; full_screen_section_height=&#8220;no&#8220; section_height=&#8220;500&#8243; parallax_speed=&#8220;2&#8243; css=&#8220;.vc_custom_1652953456627{margin-top: 100px !important;margin-right: 100px !important;margin-bottom: 100px !important;margin-left: 100px !important;}&#8220;][vc_column css=&#8220;.vc_custom_1639229415490{margin-top: 100px !important;}&#8220;][vc_row_inner row_type=&#8220;row&#8220; type=&#8220;full_width&#8220; use_row_as_full_screen_section_slide=&#8220;no&#8220; text_align=&#8220;left&#8220; css_animation=&#8220;&#8220; css=&#8220;.vc_custom_1639230043202{padding-top: 200px !important;padding-bottom: 200px !important;}&#8220;][vc_column_inner][\/vc_column_inner][\/vc_row_inner][\/vc_column][\/vc_row][vc_row row_type=&#8220;row&#8220; use_row_as_full_screen_section=&#8220;no&#8220; type=&#8220;full_width&#8220; anchor=&#8220;locations&#8220; text_align=&#8220;left&#8220; background_animation=&#8220;none&#8220; padding_top=&#8220;25&#8243; padding_bottom=&#8220;0&#8243; css_animation=&#8220;&#8220; background_color=&#8220;#ffffff&#8220; css=&#8220;.vc_custom_1639180604531{margin-top: 0px !important;padding-top: 30px !important;}&#8220;][vc_column][vc_empty_space][vc_row_inner row_type=&#8220;row&#8220; type=&#8220;grid&#8220; use_row_as_full_screen_section_slide=&#8220;no&#8220; text_align=&#8220;left&#8220; css_animation=&#8220;&#8220; background_color=&#8220;#ffffff&#8220;][vc_column_inner width=&#8220;1\/3&#8243;][vc_column_text]<\/p>\n<h5 style=\"text-align: right;\"><span style=\"color: #393939;\"><span style=\"caret-color: #2E5E82;\">Haftungsausschluss und rechtliche Hinweise<\/span><\/span><\/h5>\n<p>[\/vc_column_text][vc_separator type=&#8220;transparent&#8220; border_style=&#8220;&#8220; down=&#8220;40&#8243;][\/vc_column_inner][vc_column_inner width=&#8220;2\/3&#8243;][vc_column_text]<\/p>\n<div class=\"page\" title=\"Page 190\">\n<div class=\"layoutArea\">\n<div class=\"column\">\n<p>Die Inhalte dieser Seiten sind keine Heilaussagen. Die Diagnose und Therapie von Erkrankungen und anderen k\u00f6rperlichen Sto\u0308rungen erfordert die Behandlung durch \u00c4rzte|Innen, Heilpraktiker|Innen oder anderen Therapeut|Innen. Die Informationen auf diesen Seiten sind ausschlie\u00dflich informativ, sie sollen nicht als Ersatz fu\u0308r eine \u00e4rztliche Behandlung genutzt werden. Das mit einer falschen Diagnose oder Behandlung verbundene Risiko kann nur durch die Einbeziehung eines Therpeuten|In verringert werden.<\/p>\n<p>Wie jede Wissenschaft ist die Medizin st\u00e4ndigen Entwicklungen unterworfen. Forschung und klinische Erfahrungen erweitern unsere Erkenntnisse, insbesondere was Behandlung und medikament\u00f6se Therapie anbelangt. Soweit auf diesen Seiten eine Anwendung, Dosierung oder ein bestimmtes medizinisches oder ern\u00e4hrungstherapeutisches Vorgehen erwa\u0308hnt wird, kann keine Gew\u00e4hr \u00fcbernommen werden. Die Autoren u\u0308bernehmen explizit keine Verantwortung fu\u0308r Druckfehler.<\/p>\n<p>Jeder Benutzer ist angehalten, durch sorgfa\u0308ltige Pr\u00fcfung und gegebenenfalls nach Konsultation eines Spezialisten festzustellen, ob die gegebenen Empfehlungen und Richtwerte im konkreten Fall zutreffend sind. Jede Dosierung, Anwendung oder Therapie erfolgt auf eigene Gefahr des Benutzers.<\/p>\n<\/div>\n<\/div>\n<\/div>\n<p>[\/vc_column_text][vc_separator type=&#8220;transparent&#8220; border_style=&#8220;&#8220; down=&#8220;40&#8243;][\/vc_column_inner][\/vc_row_inner][\/vc_column][\/vc_row]<\/p>\n<\/div>","protected":false},"excerpt":{"rendered":"<p>[vc_row row_type=&#8220;parallax&#8220; text_align=&#8220;left&#8220; background_image=&#8220;26061&#8243; full_screen_section_height=&#8220;no&#8220; section_height=&#8220;700&#8243; parallax_speed=&#8220;2&#8243; css=&#8220;.vc_custom_1683716570265{margin-top: 0px !important;padding-top: 30px !important;}&#8220;][vc_column css=&#8220;.vc_custom_1639180498028{margin-top: 500px !important;}&#8220;][\/vc_column][\/vc_row][vc_row row_type=&#8220;row&#8220; use_row_as_full_screen_section=&#8220;no&#8220; type=&#8220;full_width&#8220; text_align=&#8220;left&#8220; background_animation=&#8220;none&#8220; css_animation=&#8220;&#8220; background_color=&#8220;#ffffff&#8220;][vc_column][vc_row_inner row_type=&#8220;row&#8220; type=&#8220;grid&#8220; use_row_as_full_screen_section_slide=&#8220;no&#8220; text_align=&#8220;left&#8220; padding_top=&#8220;80&#8243; padding_bottom=&#8220;45&#8243; css_animation=&#8220;&#8220;][vc_column_inner width=&#8220;2\/3&#8243;][vc_separator type=&#8220;transparent&#8220; border_style=&#8220;&#8220; up=&#8220;5&#8243; down=&#8220;0&#8243;][vc_column_text] Informationen und Online Shop [\/vc_column_text][vc_separator type=&#8220;transparent&#8220; border_style=&#8220;&#8220; up=&#8220;20&#8243; down=&#8220;0&#8243;][vc_column_text]Ausf\u00fchrliche Informationen zu&#8230;<\/p>\n","protected":false},"author":2,"featured_media":0,"parent":0,"menu_order":0,"comment_status":"closed","ping_status":"closed","template":"full_width.php","meta":{"footnotes":""},"class_list":["post-24383","page","type-page","status-publish","hentry"],"_links":{"self":[{"href":"https:\/\/www.ariane-zappe.de\/index.php\/wp-json\/wp\/v2\/pages\/24383","targetHints":{"allow":["GET"]}}],"collection":[{"href":"https:\/\/www.ariane-zappe.de\/index.php\/wp-json\/wp\/v2\/pages"}],"about":[{"href":"https:\/\/www.ariane-zappe.de\/index.php\/wp-json\/wp\/v2\/types\/page"}],"author":[{"embeddable":true,"href":"https:\/\/www.ariane-zappe.de\/index.php\/wp-json\/wp\/v2\/users\/2"}],"replies":[{"embeddable":true,"href":"https:\/\/www.ariane-zappe.de\/index.php\/wp-json\/wp\/v2\/comments?post=24383"}],"version-history":[{"count":59,"href":"https:\/\/www.ariane-zappe.de\/index.php\/wp-json\/wp\/v2\/pages\/24383\/revisions"}],"predecessor-version":[{"id":26062,"href":"https:\/\/www.ariane-zappe.de\/index.php\/wp-json\/wp\/v2\/pages\/24383\/revisions\/26062"}],"wp:attachment":[{"href":"https:\/\/www.ariane-zappe.de\/index.php\/wp-json\/wp\/v2\/media?parent=24383"}],"curies":[{"name":"wp","href":"https:\/\/api.w.org\/{rel}","templated":true}]}}